 when 3808 is divided by 13.
12
Calculate the remainder when 104 is divided by 71.
33
Calculate the remainder when 278 is divided by 161.
117
What is the remainder when 4100 is divided by 27?
23
What is the remainder when 272 is divided by 13?
12
What is the remainder when 278 is divided by 20?
18
Calculate the remainder when 849 is divided by 78.
69
What is the remainder when 42 is divided by 22?
20
Calculate the remainder when 165 is divided by 85.
80
Calculate the remainder when 523 is divided by 76.
67
Calculate the remainder when 3890 is divided by 1940.
10
Calculate the remainder when 94 is divided by 50.
44
Calculate the remainder when 627 is divided by 166.
129
Calculate the remainder when 397 is divided by 10.
7
Calculate the remainder when 90 is divided by 32.
26
Calculate the remainder when 167 is divided by 16.
7
What is the remainder when 590 is divided by 88?
62
Calculate the remainder when 2681 is divided by 18.
17
What is the remainder when 491 is divided by 252?
239
What is the remainder when 340 is divided by 102?
34
What is the remainder when 216 is divided by 46?
32
What is the remainder when 729 is divided by 179?
13
What is the remainder when 314 is divided by 20?
14
Calculate the remainder when 629 is divided by 104.
5
Calculate the remainder when 532 is divided by 140.
112
Calculate the remainder when 137 is divided by 22.
5
Calculate the remainder when 1858 is divided by 11.
10
What is the remainder when 345 is divided by 118?
109
Calculate the remainder when 573 is divided by 573.
0
Calculate the remainder when 296 is divided by 96.
8
Calculate the remainder when 96 is divided by 17.
11
Calculate the remainder when 398 is divided by 15.
8
Calculate the remainder when 10499 is divided by 10.
9
What is the remainder when 4773 is divided by 437?
403
Calculate the remainder when 68748 is divided by 50.
48
Calculate the remainder when 1442 is divided by 13.
12
What is the remainder when 655 is divided by 44?
39
What is the remainder when 713 is divided by 14?
13
What is the remainder when 10 is divided by 4?
2
What is the remainder when 17 is divided by 2?
1
What is the remainder when 20 is divided by 17?
3
Calculate the remainder when 343 is divided by 25.
18
What is the remainder when 2923 is divided by 39?
37
What is the remainder when 157 is divided by 36?
13
What is the remainder when 20638 is divided by 215?
213
What is the remainder when 1164 is divided by 44?
20
Calculate the remainder when 416 is divided by 42.
38
Calculate the remainder when 668 is divided by 222.
2
Calculate the remainder when 124 is divided by 33.
25
What is the remainder when 98 is divided by 28?
14
Calculate the remainder when 3128 is divided by 108.
104
Calculate the remainder when 332 is divided by 24.
20
Calculate the remainder when 123 is divided by 14.
11
Calculate the remainder when 1758 is divided by 88.
86
What is the remainder when 1418 is divided by 72?
50
Calculate the remainder when 1808 is divided by 201.
200
Calculate the remainder when 8260 is divided by 15.
10
Calculate the remainder when 299 is divided by 60.
59
What is the remainder when 1180 is divided by 197?
195
Calculate the remainder when 715 is divided by 61.
44
Calculate the remainder when 3 is divided by 2.
1
What is the remainder when 89 is divided by 8?
1
Calculate the remainder when 43 is divided by 1.
0
Calculate the remainder when 1197 is divided by 40.
37
Calculate the remainder when 260 is divided by 123.
14
Calculate the remainder when 157 is divided by 16.
13
Calculate the remainder when 245 is divided by 161.
84
Calculate the remainder when 240 is divided by 51.
36
What is the remainder when 141 is divided by 29?
25
What is the remainder when 707 is divided by 225?
32
Calculate the remainder when 1749 is divided by 195.
189
Calculate the remainder when 1322 is divided by 29.
17
What is the remainder when 531 is divided by 76?
75
Calculate the remainder when 22287 is divided by 10.
7
Calculate the remainder when 3115 is divided by 183.
4
Calculate the remainder when 90 is divided by 19.
14
What is the remainder when 38 is divided by 7?
3
Calculate the remainder when 1823 is divided by 3.
2
What is the remainder when 8185 is divided by 45?
40
What is the remainder when 583 is divided by 3?
1
Calculate the remainder when 955 is divided by 37.
30
Calculate the remainder when 144 is divided by 52.
40
What is the remainder when 147 is divided by 77?
70
What is the remainder when 70 is divided by 1?
0
What is the remainder when 206 is divided by 42?
38
What is the remainder when 163 is divided by 22?
9
Calculate the remainder when 473 is divided by 68.
65
Calculate the remainder when 54 is divided by 14.
12
What is the remainder when 336 is divided by 23?
14
Calculate the remainder when 148 is divided by 26.
18
What is the remainder when 137 is divided by 73?
64
What is the remainder when 74 is divided by 22?
8
Calculate the remainder when 4741 is divided by 153.
151
Calculate the remainder when 135 is divided by 28.
23
Calculate the remainder when 84 is divided by 60.
24
Calculate the remainder when 1158 is divided by 29.
27
Calculate the remainder when 66 is divided by 44.
22
Calculate the remainder when 2489 is divided by 5.
4
Calculate the remainder when 651 is divided by 82.
77
What is the remainder when 1120 is divided by 20?
0
Calculate the remainder when 278 is divided by 35.
33
What is the remainder when 3468 is divided by 248?
244
Calculate the remainder when 4138 is divided by 4135.
3
Calculate the remainder when 28 is divided by 17.
11
What is the remainder when 3272 is divided by 13?
9
Calculate the remainder when 459 is divided by 20.
19
Calculate the remainder when 1156 is divided by 39.
25
What is the remainder when 78 is divided by 1?
0
What is the remainder when 2483 is divided by 54?
53
What is the remainder when 123 is divided by 42?
39
What is the remainder when 1587 is divided by 106?
103
Calculate the remainder when 914 is divided by 71.
62
Calculate the remainder when 1279 is divided by 160.
159
What is the remainder when 41 is divided by 6?
5
What is the remainder when 15624 is divided by 27?
18
What is the remainder when 452 is divided by 20?
12
Calculate the remainder when 213 is divided by 25.
13
Calculate the remainder when 141 is divided by 5.
1
What is the remainder when 329 is divided by 66?
65
What is the remainder when 2074 is divided by 689?
7
Calculate the remainder when 93 is divided by 38.
17
What is the remainder when 1502 is divided by 43?
40
Calculate the remainder when 925 is divided by 73.
49
What is the remainder when 294 is divided by 19?
9
Calculate the remainder when 2449 is divided by 57.
55
Calculate the remainder when 2140 is divided by 90.
70
Calculate the remainder when 1410 is divided by 3.
0
Calculate the remainder when 614 is divided by 157.
143
Calculate the remainder when 418 is divided by 30.
28
Calculate the remainder when 631 is divided by 79.
78
Calculate the remainder when 3032 is divided by 72.
8
What is the remainder when 2570 is divided by 18?
14
What is the remainder when 1298 is divided by 62?
58
Calculate the remainder when 526 is divided by 12.
10
What is the remainder when 1119 is divided by 22?
19
What is the remainder when 193 is divided by 94?
5
Calculate the remainder when 48 is divided by 28.
20
Calculate the remainder when 453 is divided by 8.
5
Calculate the remainder when 457 is divided by 81.
52
What is the remainder when 725 is divided by 324?
77
Calculate the remainder when 467 is divided by 140.
47
What is the remainder when 369 is divided by 11?
6
What is the remainder when 160 is divided by 129?
31
Calculate the remainder when 2963 is divided by 44.
15
Calculate the remainder when 406 is divided by 112.
70
Calculate the remainder when 333 is divided by 49.
39
Calculate the remainder when 1196 is divided by 60.
56
What is the remainder when 34 is divided by 18?
16
Calculate the remainder when 257 is divided by 65.
62
What is the remainder when 327 is divided by 76?
23
What is the remainder when 5675 is divided by 43?
42
Calculate the remainder when 275 is divided by 28.
23
What is the remainder when 33 is divided by 25?
8
Calculate the remainder when 1145 is divided by 82.
79
W